 prime factors of m?
41, 71
Let r be 511 - 6 - (12 + -8). Let g = r - 313. List the prime factors of g.
2, 47
Let s be (4/(-14))/((-2)/(-14))*-28. Suppose s = -5*o + 7*o. Suppose o = g - 0*y - y, 4*y = 0. What are the prime factors of g?
2, 7
Suppose -b - 304 = -2*u - 3*b, 3*u - 4*b - 470 = 0. Suppose 3*w + 2*d = 646 - 144, -w + 2*d = -u. Let p = 273 - w. List the prime factors of p.
109
Suppose 17*o - 3*r + 15219 = 20*o, 4*r - 15217 = -3*o. List the prime factors of o.
5, 7, 29
Let h(g) = 13 + 72*g + 5*g - 4*g. Let m be h(5). Suppose 3*l - 4*f = -f + m, 117 = l - 4*f. What are the prime factors of l?
3, 43
Suppose -178 = 8*w + 14. Let r(j) = 4*j**2 + 78*j - 20. List the prime factors of r(w).
2, 103
Let c = 3067 - -1235. Suppose -97*v - c = -103*v. List the prime factors of v.
3, 239
Let i be 4/(-3)*-87 - (-4 + 5). Let y be (i/(-15))/(1*(-2)/(-36)). Let f = y - -196. What are the prime factors of f?
2, 29
Let m(z) = -47*z. Let l = 4 + -7. Let h(r) = -93*r + 1. Let o(f) = l*h(f) + 5*m(f). List the prime factors of o(1).
41
Let n(b) = -215*b - 14. Let j(c) = -c + 1. Let q(l) = 3*j(l) + n(l). What are the prime factors of q(-2)?
5, 17
Let g(h) = 4*h**2 - 6*h + 6. Let q be g(1). Let x(w) = 2*w**3 - 2*w**2 + w - 2. Let k be x(q). Let j = 131 - k. List the prime factors of j.
3, 11
Suppose 593 = 15*g - 322. Suppose 2*x - 196 = -4*l, 0 = -x + 5*l + g + 72. List the prime factors of x.
2, 3
Let k(r) = r**2 + 2*r + 39. Let u be k(13). What are the prime factors of (-13)/(u/(-24))*12?
2
Suppose 3*f - 78 = -69. Let t be -3 - (-353)/(f + (2 - 4)). Suppose -2*m + t = 5*m. List the prime factors of m.
2, 5
List the prime factors of (-3921)/(-1) + (-9 + 41)/(-8).
3917
Suppose -n - 17*n - 108 = 0. What are the prime factors of (2/n)/((-1)/1605)?
5, 107
Let y(n) be the first derivative of 14*n**2 + 12*n + 24. Let r be y(18). Suppose -10*v = -13*v + r. What are the prime factors of v?
2, 43
Let l be (-34)/(-51) - ((-61)/3 - 1). Suppose -11*p + l*p = 22. Suppose w + 126 = 2*w - 5*f, -5*f = p*w - 282. What are the prime factors of w?
2, 17
Let r(x) = -x**2 + 125*x - 826. What are the prime factors of r(43)?
2, 3, 5
Let a = 129 + -125. Suppose -i + a*p = -634, -i + 0*p + 640 = -p. List the prime factors of i.
2, 3, 107
Let q be 1 + -4 + 603 + -1. Let b = q - 336. List the prime factors of b.
263
Let y(r) = 1091*r + 17. Let t be y(10). Suppose 26*d = 3347 + t. List the prime factors of d.
3, 61
Let k(l) = -4026*l - 67. Let h be k(-3). Suppose -4 = d, 5*g + d - h + 3125 = 0. What are the prime factors of g?
2, 7, 127
Let g(p) = p**3 - 35*p**2 + 594*p + 12. What are the prime factors of g(39)?
2, 3, 4877
Suppose 160875 = 55*s - 158070. List the prime factors of s.
3, 1933
Let c = 1564 - 821. Let r(u) = -u**3 + u**2. Let l be r(1). Suppose 5*x - c = 4*g - l*g, -2*g = 4. What are the prime factors of x?
3, 7
Let t(o) = -194*o - 2795. What are the prime factors of t(-45)?
5, 1187
Let q(y) = y**3 - 27*y**2 - 345*y - 73. List the prime factors of q(40).
3, 2309
Let n(w) be the first derivative of -1/4*w**4 + 11/3*w**3 - 21*w + 0*w**2 - 2. What are the prime factors of n(10)?
79
What are the prime factors of (-7)/(-1)*(-32439)/(-33)?
7, 983
Let m = -19946 - -32878. List the prime factors of m.
2, 53, 61
Let i be 2/8 + 183/4. Let v = i + -41. Suppose -c - 333 = -4*x - 0*c, v*c = 5*x - 420. List the prime factors of x.
83
Let c(m) = 998*m**3 - 2*m + 1. Let s(z) = -z**3 - 5*z**2 - 10*z - 11. Let r be s(-3). What are the prime factors of c(r)?
997
Let t = 18 - -50. Let q = t - 64. Suppose 1 = -y - q, 113 = 2*l + 3*y. What are the prime factors of l?
2
Let o(m) = m**2 + 65*m + 1240. Let g be o(0). Let k(v) = v**3 - v**2 - 3*v - 2. Let n be k(3). Suppose g = n*p + 3*p. What are the prime factors of p?
2, 31
Suppose 0*t - 2*t = 0. Suppose 5*c = -o + 342, 2*c + 506 - 185 = o. Suppose -3*d + o + 204 = t. List the prime factors of d.
3, 59
Suppose 5*o - 6 = -21. Let q = o - -15. Let n(f) = -2*f**2 + 29*f - 5. What are the prime factors of n(q)?
5, 11
Suppose 3*j - 12 = 0, 4*l + l + 5*j = 1190. Suppose 35 = -f + l. What are the prime factors of f?
199
Suppose 13*s - 9*s + 2452 = 0. Let v = -259 - s. List the prime factors of v.
2, 3, 59
Let n be 7332/235 - 4/(-5). Suppose n*l + 290 = 33*l + 3*y, l + 4*y = 292. List the prime factors of l.
2, 71
Let r(s) = 65*s**3 - 2*s**2 + s + 1. Let x be r(1). Suppose 0 = -5*u + 2100 - x. What are the prime factors of u?
11, 37
Suppose 323*y = 322*y + 5, 2*y = -4*n + 11334. What are the prime factors of n?
19, 149
Suppose -4*f = 5*c - 134658, -1010*f + 1006*f + 134664 = 2*c. What are the prime factors of f?
131, 257
Let k be (-10 + 4)/((-2)/4). Suppose -k*j = -4*j - 24. Suppose n + 43 = 5*u - n, 0 = u - j*n - 19. What are the prime factors of u?
7
Suppose 0 = -114*b + 146*b - 320576. List the prime factors of b.
2, 5009
Suppose 4*b - 153596 = -4*y, 243*y - 247*y + 3*b = -153603. List the prime factors of y.
2, 3, 5
Suppose -5*f + 13 = -2*l, 0*l - 2 = 4*l - 2*f. Suppose -3 = -h - l. Suppose k + h*y - 67 = 0, 5*k + 4*y - 212 = 99. List the prime factors of k.
59
Let u = 16 + -14. Let c be 6/(-39) - u/(-13). Suppose c = 9*o - 11*o + 98. List the prime factors of o.
7
Let a = 1513 + -747. Suppose 0*l - l = -a. List the prime factors of l.
2, 383
Suppose 247 + 593 = 5*y. Let w(r) = -2*r**2 + 24*r - 18. Let k be w(11). Suppose -7*f + y = -k*f. List the prime factors of f.
2, 7
Let v(o) be the third derivative of o**6/40 - o**5/60 - o**4/4 - 16*o**2 - 2. List the prime factors of v(4).
2, 19
Suppose 5*j + 137 = t, -j + 5*j - 8 = 0. Let o(y) = -y**3 + 9*y**2 + 25*y. Let a be o(-3). Let f = t + a. What are the prime factors of f?
2, 3, 5
What are the prime factors of 231/(-44) - (-1)/4 - (-32962 + 5)?
2, 3, 1373
Let t(q) = q**3 + 41*q**2 + 14*q + 473. List the prime factors of t(-28).
10273
Suppose -1505 = -5*g - 5*d, -17*g + 12*g + 1493 = -d. What are the prime factors of g?
13, 23
Let i(k) = -22*k**2 + 47*k**2 + 11 - 24*k**2 + 8*k. Let p be i(-7). Suppose 466 = 2*o + 9*d - 7*d, p = d. What are the prime factors of o?
229
Let d be ((-132)/6 - -2)*326/(-5). Let h be (1*-2)/(6 + d/(-218)). Let y = h - -210. What are the prime factors of y?
101
Let w be ((-302)/6)/(21/(-1575)) + 2. Suppose -750 = -d - 5*p, 0 = -5*d + 5*p - 3*p + w. List the prime factors of d.
5, 151
Let w(r) = 125*r**2 - 10*r + 466. What are the prime factors of w(22)?
2, 7, 4339
Suppose -5*n = 3*z - 37246, 3*z = -4*n + 19209 + 10586. What are the prime factors of n?
7451
Suppose 63*i - 98927 = 28822 + 696858. List the prime factors of i.
3, 4363
Suppose -5*d + 4*t - 6297 = 0, 2*d - 286 = 2*t - 2804. List the prime factors of 1/(-5) - -63*d/(-65).
2, 13, 47
Suppose 13 = -0*d - 3*d + 5*s, 4*s - 4 = 4*d. Suppose -3*c - d*i + 819 = 0, -2*c + 179 = i - 367. Suppose -44*j + 41*j = -c. List the prime factors of j.
7, 13
Let f = 219 - 486. Suppose 211*x = 224*x + 1677. Let r = x - f. List the prime factors of r.
2, 3, 23
Suppose -3 = -3*w, 5*w + 12 = o + 3*w. Let h(v) = 6*v**3 - 4*v**2 - 8*v + 20. Let u be h(2). Let r = u + o. List the prime factors of r.
2, 5
Let v = -460 + 775. Suppose 18*o = 9*o + v. What are the prime factors of o?
5, 7
Let r(g) be the third derivative of g**6/120 + 3*g**5/10 - 3*g**4 - 7*g**3/2 - 15*g**2 + 3*g. List the prime factors of r(-21).
2, 3, 7
Suppose -15*z + 46735 = -134120. What are the prime factors of z?
3, 4019
Let x(v) be the first derivative of 45/2*v**4 - 2/3*v**3 - 3 + 0*v**2 + v. List the prime factors of x(1).
89
Suppose 0 = 3*k - 0*k. Suppose 12*g - 11*g + 36 = k. What are the prime factors of 21*(-8)/g*42?
2, 7
Let t = -5595 - -10636. List the prime factors of t.
71
Suppose 80*c - 112*c = -609376. List the prime factors of c.
137, 139
Suppose -9*v + 3*a = -4*v - 30156, -v = -5*a - 6018. What are the prime factors of v?
3, 2011
Let l(u) = -2*u**3 - 26*u**2 + 27*u + 26. Let x(p) = p**3 + 26*p**2 - 28*p - 25. Let i(z) = -2*l(z) - 3*x(z). List the prime factors of i(25).
2, 37
Suppose 0 = -9*c + 11*c - 4. Let w(u) = 2*u**2 - u**c - 18 + 15 - 22*u + 35. List the prime factors of w(28).
2, 5
What are the prime factors of 7401 + 2/((-26)/39)?
2, 3, 137
Let f be 3 - (6 - 9)*8/3. What are the prime factors of (-5445)/(-10)*(f - 9)?
3, 11
Let g(f) = 21*f**3 +